What is -16 (base 16) in base 10?
-22
What is -35 (base 7) in base 9?
-28
Convert 87 (base 15) to base 14.
91
3 (base 6) to base 7
3
134 (base 11) to base 12
112
-6 (base 11) to base 14
-6
321 (base 5) to base 10
86
-2c (base 15) to base 9
-46
221 (base 7) to base 12
95
What is -10 (base 11) in base 6?
-15
-1a (base 11) to base 10
-21
What is 0 (base 5) in base 6?
0
What is -243 (base 6) in base 7?
-201
Convert -20 (base 15) to base 13.
-24
Convert 0 (base 7) to base 10.
0
What is 2 (base 9) in base 8?
2
What is 131 (base 12) in base 15?
c1
5 (base 10) to base 6
5
-79 (base 10) to base 15
-54
-115 (base 7) to base 2
-111101
-21 (base 8) to base 9
-18
What is -224 (base 7) in base 2?
-1110100
1 (base 13) to base 12
1
48 (base 10) to base 6
120
Convert a (base 14) to base 10.
10
What is 54 (base 7) in base 5?
124
What is -1313 (base 4) in base 2?
-1110111
What is -86 (base 14) in base 2?
-1110110
Convert -b (base 15) to base 12.
-b
What is 0 (base 6) in base 15?
0
Convert -28 (base 16) to base 15.
-2a
12 (base 7) to base 12
9
Convert 24 (base 6) to base 10.
16
What is 3 (base 9) in base 2?
11
What is -3 (base 10) in base 14?
-3
What is -6 (base 9) in base 16?
-6
What is -20 (base 10) in base 16?
-14
189 (base 12) to base 4
3321
What is -213 (base 4) in base 9?
-43
What is 20 (base 10) in base 16?
14
Convert -11 (base 10) to base 5.
-21
Convert -100010 (base 2) to base 7.
-46
-263 (base 9) to base 8
-333
Convert -2 (base 11) to base 6.
-2
What is 20 (base 4) in base 11?
8
-7 (base 11) to base 12
-7
-1211 (base 3) to base 2
-110001
What is -1101 (base 2) in base 14?
-d
-104 (base 8) to base 3
-2112
Convert -1 (base 5) to base 3.
-1
What is 2a (base 15) in base 3?
1111
Convert -1 (base 9) to base 11.
-1
Convert 13 (base 14) to base 8.
21
What is 11 (base 16) in base 3?
122
-4 (base 14) to base 3
-11
Convert 325 (base 8) to base 12.
159
What is -13 (base 5) in base 10?
-8
Convert -43 (base 8) to base 6.
-55
What is e (base 15) in base 14?
10
Convert 82 (base 9) to base 12.
62
Convert 3 (base 9) to base 8.
3
What is 100 (base 3) in base 7?
12
43 (base 10) to base 5
133
Convert -33 (base 9) to base 10.
-30
1012 (base 3) to base 11
2a
Convert -9 (base 16) to base 12.
-9
What is -2 (base 8) in base 9?
-2
What is 21 (base 5) in base 7?
14
Convert -10 (base 12) to base 4.
-30
What is -2 (base 5) in base 10?
-2
-323 (base 4) to base 15
-3e
Convert -150 (base 8) to base 16.
-68
What is 15 (base 8) in base 13?
10
149 (base 11) to base 3
20110
11 (base 14) to base 9
16
3 (base 11) to base 4
3
Convert 2 (base 14) to base 9.
2
Convert -10011 (base 2) to base 5.
-34
-1 (base 12) to base 3
-1
Convert 1d (base 14) to base 4.
123
Convert 29 (base 14) to base 9.
41
Convert 10 (base 5) to base 12.
5
What is 322 (base 4) in base 2?
111010
Convert -a (base 15) to base 10.
-10
-2 (base 8) to base 12
-2
-1a (base 11) to base 8
-25
-2 (base 16) to base 3
-2
Convert -3 (base 10) to base 11.
-3
Convert 16 (base 15) to base 3.
210
82 (base 11) to base 2
1011010
Convert 4 (base 9) to base 13.
4
5 (base 7) to base 12
5
Convert bc (base 14) to base 7.
325
Convert -6 (base 16) to base 13.
-6
Convert -12 (base 10) to base 4.
-30
10 (base 2) to base 14
2
Convert -11 (base 9) to base 16.
-a
-3 (base 6) to base 2
-11
What is -11 (base 2) in base 8?
-3
What is 107 (base 12) in base 9?
177
What is 387 (base 9) in base 8?
502
Convert 5 (base 13) to base 6.
5
What is 50 (base 10) in base 7?
101
Convert 21 (base 3) to base 8.
7
What is -16 (base 7) in base 4?
-31
Convert 1a (base 16) to base 8.
32
What is 202 (base 6) in base 9?
82
What is 3 (base 4) in base 10?
3
Convert 29 (base 11) to base 5.
111
Convert -40 (base 5) to base 12.
-18
Convert -1 (base 15) to base 3.
-1
What is -d (base 15) in base 12?
-11
Convert -a8 (base 13) to base 9.
-163
What is -11 (base 3) in base 12?
-4
Convert 12 (base 9) to base 16.
b
Convert 7 (base 16) to base 6.
11
-2 (base 15) to base 2
-10
a2 (base 15) to base 5
1102
What is -11 (base 2) in base 11?
-3
-2 (base 16) to base 10
-2
What is -2d (base 15) in base 11?
-3a
Convert -53 (base 7) to base 8.
-46
What is -2 (base 4) in base 7?
-2
1101 (base 2) to base 4
31
Convert -2 (base 12) to base 16.
-2
-2 (base 8) to base 12
-2
Convert -14 (base 5) to base 4.
-21
Convert 7 (base 9) to base 5.
12
3 (base 11) to base 2
11
Convert 136 (base 7) to base 6.
204
What is 11 (base 9) in base 16?
a
Convert -4 (base 10) to base 15.
-4
What is -232 (base 5) in base 6?
-151
-1 (base 10) to base 15
-1
-102 (base 3) to base 7
-14
Convert -301 (base 4) to base 5.
-144
What is -43 (base 8) in base 3?
-1022
What is 110110 (base 2) in base 12?
46
-43 (base 14) to base 5
-214
Convert 10 (base 3) to base 4.
3
Convert 2 (base 7) to base 8.
2
-241 (base 13) to base 12
-287
-30 (base 9) to base 5
-102
-12 (base 3) to base 13
-5
What is 6c (base 13) in base 16?
5a
156 (base 7) to base 12
76
Convert -1b (base 16) to base 15.
-1c
111 (base 3) to base 6
21
-10 (base 2) to base 15
-2
-213 (base 8) to base 16
-8b
Convert -1 (base 5) to base 3.
-1
What is 1010010 (base 2) in base 3?
10001
What is -c (base 14) in base 16?
-c
13 (base 12) to base 15
10
What is 9 (base 12) in base 10?
9
178 (base 9) to base 2
10011000
What is 224 (base 6) in base 14?
64
-2 (base 6) to base 16
-2
Convert a (base 12) to base 15.
a
What is 12 (base 8) in base 4?
22
What is -19a (base 12) in base 11?
-219
What is -2 (base 14) in base 4?
-2
What is 45 (base 8) in base 11?
34
What is 0 (base 12) in base 5?
0
Convert 20 (base 11) to base 13.
19
What is 2 (base 14) in base 4?
2
-1 (base 14) to base 4
-1
Convert -20 (base 15) to base 11.
-28
What is 0 (base 12) in base 5?
0
202 (base 4) to base 5
114
What is 1 (base 7) in base 6?
1
What is 102 (base 3) in base 4?
23
-1223 (base 4) to base 16
-6b
Convert -7 (base 16) to base 3.
-21
-2101 (base 4) to base 14
-a5
2 (base 7) to base 15
2
Convert 10 (base 3) to base 12.
3
-10 (base 7) to base 14
-7
What is -63 (base 11) in base 2?
-1000101
-11 (base 4) to base 3
-12
What is 2 (base 3) in base 2?
10
What is 7 (base 8) in base 5?
12
What is -1 (base 3) in base 9?
-1
What is -3 (base 12) in base 16?
-3
What is -101100 (base 2) in base 6?
-112
What is 131 (base 5) in base 15?
2b
What is 10 (base 16) in base 10?
16
Convert -9 (base 10) to base 11.
-9
Convert -101 (base 3) to base 12.
-a
What is 233 (base 7) in base 13?
95
Convert 100 (base 2) to base 8.
4
68 (base 16) to base 12
88
What is -18 (base 11) in base 5?
-34
What is -8 (base 16) in base 15?
-8
Convert -4 (base 8) to base 7.
-4
Convert 151 (base 7) to base 16.
55
What is -163 (base 8) in base 7?
-223
What is -100101 (base 2) in base 15?
-27
Convert 2 (base 5) to base 8.
2
-12 (base 7) to base 11
-9
What is -130 (base 5) in base 10?
-40
-3 (base 15) to base 7
-3
What is 101100 (base 2) in base 6?
112
3 (base 14) to base 12
3
Convert 11000 (base 2) to base 3.
220
What is -6 (base 11) in base 7?
-6
100001 (base 2) to base 15
23
Convert a (base 12) to base 2.
1010
What is -26 (base 8) in base 12?
-1a
What is 1442 (base 6) in base 4?
12002
What is 433 (base 5) in base 16?
76
What is 15 (base 15) in base 8?
24
What is 123 (base 6) in base 3?
1220
What is -4 (base 10) in base 6?
-4
What is -1a (base 13) in base 8?
-27
Convert 11101 (base 3) to base 8.
166
Convert 6 (base 12) to base 6.
10
4 (base 6) to base 13
4
0 (base 7) to base 14
0
-222 (base 3) to base 5
-101
-2a0 (base 12) to base 7
-1122
-7 (base 9) to base 8
-7
What is -4 (base 8) in base 3?
-11
What is 12 (base 12) in base 7?
20
9 (base 15) to base 11
9
212 (base 3) to base 8
27
Convert 10 (base 3) to base 13.
3
Convert -1 (base 13) to base 3.
-1
What is 24 (base 6) in base 11?
15
5 (base 13) to base 2
101
What is 323 (base 5) in base 2?
1011000
Convert 11 (base 9) to base 3.
101
What is 212 (base 12) in base 9?
365
-14 (base 11) to base 7
-21
Convert 181 (base 9) to base 4.
2122
11101101 (base 2) to base 4
3231
What is 1022 (base 5) in base 11?
115
What is -6 (base 16) in base 13?
-6
-1221 (base 3) to base 2
-110100
Convert -10 (base 4) to base 15.
-4
What is -4 (base 9) in base 7?
-4
Convert 111 (base 4) to base 5.
41
-11 (base 2) to base 3
-10
What is 102 (base 4) in base 2?
10010
7 (base 16) to base 3
21
-7 (base 9) to base 15
-7
What is -10012 (base 4) in bas